- -146. List the prime factors of d.
101
Let s = -7 + 9. Let g(l) = l + 4. Let y be g(s). Suppose 0 = -h + y + 58. List the prime factors of h.
2
Let o be -3 + 35*17 - 4. What are the prime factors of (o/9)/((-10)/(-15))?
2, 7
Let x(s) = 11 + 4 - 17 - 18*s. What are the prime factors of x(-8)?
2, 71
Let d(r) = r**2 - 13*r + 11. Let q(j) = -2*j - 8. Let n be q(-12). What are the prime factors of d(n)?
59
Let x(u) = u**2 - 5*u. Suppose 8*v - 30 = 3*v. List the prime factors of x(v).
2, 3
Let b be (-14)/21 + 22/6. Let m(f) = -4*f**2 + 4*f + 7. Let t(y) = -5*y**2 + 5*y + 6. Let w(x) = b*t(x) - 4*m(x). What are the prime factors of w(7)?
2
Suppose 0*z - 2*z = -2*w - 10, 0 = -4*w + 2*z - 10. Suppose o - 7 - 30 = w. List the prime factors of o.
37
Suppose -127 = 3*h + b, -8*b + 103 = -3*h - 3*b. Suppose -25*l + 2325 = 325. Let z = l + h. What are the prime factors of z?
3, 13
Let o(q) = -3*q + 33. Let z(a) = a - 16. Let l(n) = 3*o(n) + 5*z(n). Let m be l(17). What are the prime factors of (168/m)/((-4)/14)?
2, 3
Let j be -1 + 17 + (-10)/5. Let k be j/(-21) + 127/(-3). Let x = k + 87. What are the prime factors of x?
2, 11
Suppose 2*t - 5*t - 42 = 0. Suppose 788 = -3*b + 2*c, 3*c = -3*b - 648 - 135. List the prime factors of b/t + 4/14.
19
Let j(y) = 7*y**2 + 6*y + 11. Let b be j(-4). What are the prime factors of -10 + b - (-1)/(-1)?
2, 11
Suppose 0*h + h = -5*t + 104, -5*t = 4*h - 446. What are the prime factors of h?
2, 3, 19
Let p = 177 - 30. Suppose g = -2*g + 5*y + p, -5*g = 4*y - 245. List the prime factors of g.
7
Suppose -56 = -3*n - 2*a - 16, -2*n = -5*a - 52. What are the prime factors of n?
2
Suppose 7*w + 42 = -0. Let h(v) be the first derivative of v**3/3 + 5*v**2/2 - 3*v + 2. What are the prime factors of h(w)?
3
Let u = -2149 - -3088. List the prime factors of u.
3, 313
Suppose -b + 0*z + 4*z = -4, 0 = 3*b + 5*z - 12. Suppose b*f - 24 = 116. Let c = f + -7. What are the prime factors of c?
2, 7
Let d be 8/(-16) + 9/2. Suppose -2*s + 3*c + 10 = d*c, 4*s - 2*c = 28. Suppose 0 = 4*l - 50 - s. What are the prime factors of l?
2, 7
Suppose -5*m - m + 12 = 0. Suppose -9 = 3*v, -2*c + 0*c - m*v + 214 = 0. List the prime factors of c.
2, 5, 11
Let z = -92 - -55. Let d = z - -61. What are the prime factors of d?
2, 3
Suppose 0 = -5*c + 2*z + 4397 + 124, 3*c = -3*z + 2721. List the prime factors of c.
5, 181
Let a(i) = -69*i + 8. Let r(g) = -137*g + 15. Let h(q) = -11*a(q) + 6*r(q). List the prime factors of h(-1).
5, 13
Suppose -2*n - u = -225, -3*u + 274 + 288 = 5*n. List the prime factors of n - -4 - 2 - (2 - 1).
2, 3, 19
Suppose -5*t = -14 - 1. Let b = -1 + t. Suppose -6*m - 3*a = -b*m - 79, 2*m - a = 27. What are the prime factors of m?
2
Suppose -5*b - 3*o + 3145 = 0, b - 4*o = -0*b + 629. List the prime factors of b.
17, 37
Suppose -3*v + 7*v + 5*i = 127, 4*i + 44 = 2*v. Let h = v + 9. What are the prime factors of h?
37
Let w = 1000 - 306. List the prime factors of w.
2, 347
Let s = 1978 + -1002. What are the prime factors of s?
2, 61
Let t = 1026 - -127. Suppose -z - t = -2*o - 2*o, -3*o - z + 856 = 0. List the prime factors of o.
7, 41
Suppose 12*h = 44*h - 14464. List the prime factors of h.
2, 113
Suppose -4*x + 646 + 1642 = 0. Suppose 4*t - 1432 = -x. List the prime factors of t.
5, 43
Suppose i + 532 = j - 151, i - 3421 = -5*j. What are the prime factors of j?
2, 3, 19
Suppose 4*x = 4*h - 3556, -h - 21 = -5*x - 890. List the prime factors of h.
2, 3, 149
Let r(m) = -3*m**3 + 5*m**2 - 7*m - 4. Let o be r(4). Suppose -g + 3*g = 416. Let z = g + o. What are the prime factors of z?
2
Let l = -11 + 22. Suppose -210 = -l*n + 1429. What are the prime factors of n?
149
Suppose -19595 = -6*p + 5*d, -5*p + 16335 = -12*d + 9*d. What are the prime factors of p?
2, 3, 5, 109
Suppose -280665 = 19*i - 118*i. List the prime factors of i.
3, 5, 7
Suppose -4 = 4*u, -6*r - 2*u = -4*r - 2. List the prime factors of r/20 - (-7995)/50.
2, 5
Let y(o) = 122*o + 19. List the prime factors of y(2).
263
List the prime factors of ((-61377)/(-30) + (-14)/35)*2.
4091
Let y be -5*4/40*-6. Suppose 9*r + y*w = 4*r + 744, 5*r = -5*w + 740. List the prime factors of r.
2, 3, 5
Let n = -7 - -12. Suppose n*d - 3*d = 20. List the prime factors of (5/d)/(1/72).
2, 3
Let b = 5 + -3. Suppose -3*n = b*p - 114, 0 = 2*n - p + 5*p - 68. Let y = 4 + n. What are the prime factors of y?
2, 11
Let w = -12 - -17. Suppose c - 5 = -2*l, 7 = w*l + 5*c - 3. Suppose 0 = l*d - 8*i + 3*i - 81, 0 = i. List the prime factors of d.
3
Let w = -29 + 39. Suppose w*j - 194 = 8*j. What are the prime factors of j?
97
Suppose 2*n = w - 191, -3*n - 3 = -w + 188. List the prime factors of w.
191
Let d = 1371 + -105. What are the prime factors of d?
2, 3, 211
Let y(h) = h + 14. Let u be y(-7). Suppose 8*q - u*q = 27. List the prime factors of q.
3
Suppose 3*l + 3 = 0, -l + 4092 = k + 2*l. List the prime factors of k.
3, 5, 7, 13
Let h = -15 - -30. Let i = 13 - h. What are the prime factors of 31 + -5 - (i - 1)?
29
Let u(z) = -z**3 - 6*z**2 - 6*z. Let y be u(-4). Let f be (6/15)/((-33)/(-495)). List the prime factors of (y - f)*(-21)/6.
7
Let k(c) = -8*c + 8. Let g(p) = -9*p + 9. Let d(j) = -5*g(j) + 6*k(j). Let x(q) = 2*q - 8. Let m be x(2). List the prime factors of d(m).
3, 5
Suppose 3 = 2*i + 5*p, -i - 25 = -3*p - 10. Suppose 103*f - 55 = 108*f. Let n = i - f. What are the prime factors of n?
5
Suppose -882 = -46*r + 43*r. Suppose 0 = -7*b - 0*b + r. What are the prime factors of b?
2, 3, 7
Suppose 2*p - 147 = 803. List the prime factors of p.
5, 19
Suppose -5*p - x - 1212 = 0, -70 - 170 = p + x. Let o = p + 469. List the prime factors of o.
2, 113
Let p(n) = n + 52. Let m be (-1 - -1)/(4 - 5). List the prime factors of p(m).
2, 13
Let u(n) = -7*n**3 + 3*n**2 + 3*n + 29. List the prime factors of u(-5).
2, 241
Suppose -6*o + 2*o = 0. Suppose -5*n + f - 45 = o, -3*n + f - 25 = -0*n. What are the prime factors of 1/(-5) - 222/n?
2, 11
Suppose 139*c + 1037 = 140*c - 3*u, 0 = 3*c + 4*u - 3111. What are the prime factors of c?
17, 61
Let f(n) = n**3 - n**2 - 2*n - 3. Let u(r) = -r - 10. Let g(a) = -5*a - 41. Let v(s) = 2*g(s) - 9*u(s). Let j be v(5). What are the prime factors of f(j)?
3
Suppose -5*l - 5*g - 11 = -46, -5 = -l - 2*g. List the prime factors of 42/l*(-66)/(-4).
7, 11
Let c = 363 + -202. List the prime factors of c.
7, 23
Suppose 2*u - 9*u = -28. Suppose 4*v = 4*p + 408, 0 = 5*v + u*p - 262 - 257. List the prime factors of v.
103
Suppose -38*w + 37*w + 240 = 0. List the prime factors of w.
2, 3, 5
What are the prime factors of ((-1)/(-2))/((-19)/(-83068))?
2, 1093
Let y be (140/42)/(((-4)/(-6))/1). Let k(v) = 12*v - 26. What are the prime factors of k(y)?
2, 17
Let w = 3 + 1. Suppose -5*f - 7 = -4*s - 45, -3*f - w*s = -10. Suppose -h + 2*p = 2*h - 6, 5*p = 3*h - f. List the prime factors of h.
2
Let b(h) = -h**2 - 11*h - 25. Let m be b(-8). What are the prime factors of 46 - -1 - (-2)/m?
3, 5
Suppose -4*g - 4*t = -24132, 24552 = 3*g - 2*t + 6463. List the prime factors of g.
37, 163
Suppose -5*n + 862 = -s, -n - 2*n + 514 = s. What are the prime factors of n?
2, 43
Suppose s = -z + 3, -6 - 1 = -5*z + 3*s. Let a(g) = 4*g + g**2 + g**3 - 2 + 0*g - 4*g**2. What are the prime factors of a(z)?
2
Let f = 193 - -79. What are the prime factors of f?
2, 17
Let q be (29/(-4))/((-2)/8). Let p(f) = f**3 - 12*f**2 + 17*f + 37. Let r be p(10). Suppose 5*c + 33 = 2*y, 2*c - r*c - q = -y. List the prime factors of y.
2
Let k(d) be the first derivative of 19*d**3/3 + d**2 - d + 1. Suppose -14 = 4*p - 18. List the prime factors of k(p).
2, 5
Let t(b) = 5*b**2 - 2*b. Let x(y) = y**2 - y. Let z(q) = t(q) - 3*x(q). Let h = 3 - 2. List the prime factors of z(h).
3
Suppose 0*q = 4*q - 44. Suppose -i = 3*c - 49, 17*i - 18*i + 53 = 5*c. Let a = i + q. List the prime factors of a.
2, 3
Suppose -5291 = -114*x + 103*x. List the prime factors of x.
13, 37
Let t(n) = 12*n + 15*n - 29*n - 10. Let j be t(-18). Suppose -13*k = -11*k - j. What are the prime factors of k?
13
Let d = -7857 - -13510. What are the prime factors of d?
5653
Let m(k) = 120*k**2 + 9*k - 1. Let z be -1*3*13/(-39). What are the prime factors of m(z)?
2
What are the prime factors of 5574/15 + (-4)/(-10)?
2, 3, 31
Let k(m) = m**2 - 2*m + 6. Let i